{"id":84,"date":"2015-02-26T14:49:20","date_gmt":"2015-02-26T12:49:20","guid":{"rendered":"http:\/\/peter-faessler.spschweiz.ch\/?page_id=84"},"modified":"2021-10-25T11:35:19","modified_gmt":"2021-10-25T09:35:19","slug":"einwohnerrat-kriens","status":"publish","type":"page","link":"https:\/\/peter-faessler.spschweiz.ch\/?page_id=84","title":{"rendered":"Komitee BypassPLUS"},"content":{"rendered":"<p>Seit der Gr\u00fcndung 2014 bin ich Mitglied im Komitee Bypass &#8211; so nicht. Im Jahr 2021 wurde dieses Komitee aufgel\u00f6st. Der Kampf f\u00fcr eine totale Einhausung der Autobahn quer durch Kriens wird im <a href=\"https:\/\/bypassplus.ch\/\" target=\"_blank\" rel=\"noopener\">Komitee BypassPLUS<\/a> weitergef\u00fchrt.<\/p>\n<p>Unser Ziel:<br \/>\nFalls das \u00fcberregionale Projekt Bypass realisiert wird, soll dieses auch f\u00fcr Kriens einen klaren Mehrwert schaffen. Nicht die Verhinderung des Verkehrsprojektes ist das Ziel, sondern die Projektoptimierung, indem die Einhausung als flankierende Massnahmen im Projekt verankert wird. Mit der Einhausung werden die negativen Auswirkungen auf die Siedlungsgebiete und damit auf die Menschen, die dort leben und arbeiten, reduziert.<\/p>\n<p>Eine Autobahn quer durch ein florierendes Siedlungsgebiet ist nicht tragbar und stellt eine st\u00e4dtebauliche Wunde dar. Die Einhausung schliesst diese Wunde und tr\u00e4gt erheblich zur Attraktivit\u00e4t des gesamten Gebietes zwischen Kriens, Luzern und Horw bei. Es ist wichtig, dass bei \u00fcberregionalen Verkehrsprojekten die regionalen Siedlungsverh\u00e4ltnisse ber\u00fccksichtigt werden. Daf\u00fcr setzen wir uns ein.<\/p>\n<p>Schreiben auch Sie sich ein, um dem BypassPLUS Komitee mehr Strahlkraft zu verleihen! <a href=\"https:\/\/bypassplus.ch\/komitee\/\" target=\"_blank\" rel=\"noopener\">Beitreten<\/a><\/p>\n<p>&nbsp;<\/p>\n<div id=\"kpm_content_wrapper\" class=\"notranslate\"><\/div>\n<div style=\"width: 0;height: 0\"><\/div>\n<div style=\"width: 0;height: 0\"><\/div>\n<div style=\"width: 0;height: 0\"><\/div>\n<div style=\"width: 0;height: 0\"><\/div>\n<div style=\"width: 0;height: 0\"><\/div>\n<div id=\"kpm_content_wrapper\" class=\"notranslate\"><\/div>\n","protected":false},"excerpt":{"rendered":"<p>Seit der Gr\u00fcndung 2014 bin ich Mitglied im Komitee Bypass &#8211; so nicht. Im Jahr 2021 wurde dieses Komitee aufgel\u00f6st. Der Kampf f\u00fcr eine totale&#8230;<\/p>\n","protected":false},"author":19,"featured_media":4261,"parent":0,"menu_order":0,"comment_status":"open","ping_status":"open","template":"","meta":{"footnotes":""},"class_list":["post-84","page","type-page","status-publish","has-post-thumbnail","hentry"],"yoast_head":"<!-- This site is optimized with the Yoast SEO plugin v27.4 - https:\/\/yoast.com\/product\/yoast-seo-wordpress\/ -->\n<title>Komitee BypassPLUS - Peter F\u00e4ssler<\/title>\n<meta name=\"robots\" content=\"index, follow, max-snippet:-1, max-image-preview:large, max-video-preview:-1\" \/>\n<link rel=\"canonical\" href=\"https:\/\/peter-faessler.spschweiz.ch\/?page_id=84\" \/>\n<meta property=\"og:locale\" content=\"de_DE\" \/>\n<meta property=\"og:type\" content=\"article\" \/>\n<meta property=\"og:title\" content=\"Komitee BypassPLUS - Peter F\u00e4ssler\" \/>\n<meta property=\"og:description\" content=\"Seit der Gr\u00fcndung 2014 bin ich Mitglied im Komitee Bypass &#8211; so nicht. Im Jahr 2021 wurde dieses Komitee aufgel\u00f6st. Der Kampf f\u00fcr eine totale...\" \/>\n<meta property=\"og:url\" content=\"https:\/\/peter-faessler.spschweiz.ch\/?page_id=84\" \/>\n<meta property=\"og:site_name\" content=\"Peter F\u00e4ssler\" \/>\n<meta property=\"article:modified_time\" content=\"2021-10-25T09:35:19+00:00\" \/>\n<meta property=\"og:image\" content=\"https:\/\/peter-faessler.spschweiz.ch\/wp-content\/uploads\/sites\/15\/2021\/10\/langpark_von_Sonnenberg-scaled-e1631209831777-1.jpg\" \/>\n\t<meta property=\"og:image:width\" content=\"2560\" \/>\n\t<meta property=\"og:image:height\" content=\"1651\" \/>\n\t<meta property=\"og:image:type\" content=\"image\/jpeg\" \/>\n<meta name=\"twitter:label1\" content=\"Gesch\u00e4tzte Lesezeit\" \/>\n\t<meta name=\"twitter:data1\" content=\"1\u00a0Minute\" \/>\n<script type=\"application\/ld+json\" class=\"yoast-schema-graph\">{\"@context\":\"https:\\\/\\\/schema.org\",\"@graph\":[{\"@type\":\"WebPage\",\"@id\":\"https:\\\/\\\/peter-faessler.spschweiz.ch\\\/?page_id=84\",\"url\":\"https:\\\/\\\/peter-faessler.spschweiz.ch\\\/?page_id=84\",\"name\":\"Komitee BypassPLUS - Peter F\u00e4ssler\",\"isPartOf\":{\"@id\":\"https:\\\/\\\/peter-faessler.spschweiz.ch\\\/#website\"},\"primaryImageOfPage\":{\"@id\":\"https:\\\/\\\/peter-faessler.spschweiz.ch\\\/?page_id=84#primaryimage\"},\"image\":{\"@id\":\"https:\\\/\\\/peter-faessler.spschweiz.ch\\\/?page_id=84#primaryimage\"},\"thumbnailUrl\":\"https:\\\/\\\/peter-faessler.spschweiz.ch\\\/wp-content\\\/uploads\\\/sites\\\/15\\\/2021\\\/10\\\/langpark_von_Sonnenberg-scaled-e1631209831777-1.jpg\",\"datePublished\":\"2015-02-26T12:49:20+00:00\",\"dateModified\":\"2021-10-25T09:35:19+00:00\",\"breadcrumb\":{\"@id\":\"https:\\\/\\\/peter-faessler.spschweiz.ch\\\/?page_id=84#breadcrumb\"},\"inLanguage\":\"de\",\"potentialAction\":[{\"@type\":\"ReadAction\",\"target\":[\"https:\\\/\\\/peter-faessler.spschweiz.ch\\\/?page_id=84\"]}]},{\"@type\":\"ImageObject\",\"inLanguage\":\"de\",\"@id\":\"https:\\\/\\\/peter-faessler.spschweiz.ch\\\/?page_id=84#primaryimage\",\"url\":\"https:\\\/\\\/peter-faessler.spschweiz.ch\\\/wp-content\\\/uploads\\\/sites\\\/15\\\/2021\\\/10\\\/langpark_von_Sonnenberg-scaled-e1631209831777-1.jpg\",\"contentUrl\":\"https:\\\/\\\/peter-faessler.spschweiz.ch\\\/wp-content\\\/uploads\\\/sites\\\/15\\\/2021\\\/10\\\/langpark_von_Sonnenberg-scaled-e1631209831777-1.jpg\",\"width\":2560,\"height\":1651},{\"@type\":\"BreadcrumbList\",\"@id\":\"https:\\\/\\\/peter-faessler.spschweiz.ch\\\/?page_id=84#breadcrumb\",\"itemListElement\":[{\"@type\":\"ListItem\",\"position\":1,\"name\":\"Startseite\",\"item\":\"https:\\\/\\\/peter-faessler.spschweiz.ch\\\/\"},{\"@type\":\"ListItem\",\"position\":2,\"name\":\"Komitee BypassPLUS\"}]},{\"@type\":\"WebSite\",\"@id\":\"https:\\\/\\\/peter-faessler.spschweiz.ch\\\/#website\",\"url\":\"https:\\\/\\\/peter-faessler.spschweiz.ch\\\/\",\"name\":\"Peter F\u00e4ssler\",\"description\":\"SP Kantonsrat Kanton Luzern\",\"potentialAction\":[{\"@type\":\"SearchAction\",\"target\":{\"@type\":\"EntryPoint\",\"urlTemplate\":\"https:\\\/\\\/peter-faessler.spschweiz.ch\\\/?s={search_term_string}\"},\"query-input\":{\"@type\":\"PropertyValueSpecification\",\"valueRequired\":true,\"valueName\":\"search_term_string\"}}],\"inLanguage\":\"de\"}]}<\/script>\n<!-- \/ Yoast SEO plugin. -->","yoast_head_json":{"title":"Komitee BypassPLUS - Peter F\u00e4ssler","robots":{"index":"index","follow":"follow","max-snippet":"max-snippet:-1","max-image-preview":"max-image-preview:large","max-video-preview":"max-video-preview:-1"},"canonical":"https:\/\/peter-faessler.spschweiz.ch\/?page_id=84","og_locale":"de_DE","og_type":"article","og_title":"Komitee BypassPLUS - Peter F\u00e4ssler","og_description":"Seit der Gr\u00fcndung 2014 bin ich Mitglied im Komitee Bypass &#8211; so nicht. Im Jahr 2021 wurde dieses Komitee aufgel\u00f6st. Der Kampf f\u00fcr eine totale...","og_url":"https:\/\/peter-faessler.spschweiz.ch\/?page_id=84","og_site_name":"Peter F\u00e4ssler","article_modified_time":"2021-10-25T09:35:19+00:00","og_image":[{"width":2560,"height":1651,"url":"https:\/\/peter-faessler.spschweiz.ch\/wp-content\/uploads\/sites\/15\/2021\/10\/langpark_von_Sonnenberg-scaled-e1631209831777-1.jpg","type":"image\/jpeg"}],"twitter_misc":{"Gesch\u00e4tzte Lesezeit":"1\u00a0Minute"},"schema":{"@context":"https:\/\/schema.org","@graph":[{"@type":"WebPage","@id":"https:\/\/peter-faessler.spschweiz.ch\/?page_id=84","url":"https:\/\/peter-faessler.spschweiz.ch\/?page_id=84","name":"Komitee BypassPLUS - Peter F\u00e4ssler","isPartOf":{"@id":"https:\/\/peter-faessler.spschweiz.ch\/#website"},"primaryImageOfPage":{"@id":"https:\/\/peter-faessler.spschweiz.ch\/?page_id=84#primaryimage"},"image":{"@id":"https:\/\/peter-faessler.spschweiz.ch\/?page_id=84#primaryimage"},"thumbnailUrl":"https:\/\/peter-faessler.spschweiz.ch\/wp-content\/uploads\/sites\/15\/2021\/10\/langpark_von_Sonnenberg-scaled-e1631209831777-1.jpg","datePublished":"2015-02-26T12:49:20+00:00","dateModified":"2021-10-25T09:35:19+00:00","breadcrumb":{"@id":"https:\/\/peter-faessler.spschweiz.ch\/?page_id=84#breadcrumb"},"inLanguage":"de","potentialAction":[{"@type":"ReadAction","target":["https:\/\/peter-faessler.spschweiz.ch\/?page_id=84"]}]},{"@type":"ImageObject","inLanguage":"de","@id":"https:\/\/peter-faessler.spschweiz.ch\/?page_id=84#primaryimage","url":"https:\/\/peter-faessler.spschweiz.ch\/wp-content\/uploads\/sites\/15\/2021\/10\/langpark_von_Sonnenberg-scaled-e1631209831777-1.jpg","contentUrl":"https:\/\/peter-faessler.spschweiz.ch\/wp-content\/uploads\/sites\/15\/2021\/10\/langpark_von_Sonnenberg-scaled-e1631209831777-1.jpg","width":2560,"height":1651},{"@type":"BreadcrumbList","@id":"https:\/\/peter-faessler.spschweiz.ch\/?page_id=84#breadcrumb","itemListElement":[{"@type":"ListItem","position":1,"name":"Startseite","item":"https:\/\/peter-faessler.spschweiz.ch\/"},{"@type":"ListItem","position":2,"name":"Komitee BypassPLUS"}]},{"@type":"WebSite","@id":"https:\/\/peter-faessler.spschweiz.ch\/#website","url":"https:\/\/peter-faessler.spschweiz.ch\/","name":"Peter F\u00e4ssler","description":"SP Kantonsrat Kanton Luzern","potentialAction":[{"@type":"SearchAction","target":{"@type":"EntryPoint","urlTemplate":"https:\/\/peter-faessler.spschweiz.ch\/?s={search_term_string}"},"query-input":{"@type":"PropertyValueSpecification","valueRequired":true,"valueName":"search_term_string"}}],"inLanguage":"de"}]}},"_links":{"self":[{"href":"https:\/\/peter-faessler.spschweiz.ch\/index.php?rest_route=\/wp\/v2\/pages\/84","targetHints":{"allow":["GET"]}}],"collection":[{"href":"https:\/\/peter-faessler.spschweiz.ch\/index.php?rest_route=\/wp\/v2\/pages"}],"about":[{"href":"https:\/\/peter-faessler.spschweiz.ch\/index.php?rest_route=\/wp\/v2\/types\/page"}],"author":[{"embeddable":true,"href":"https:\/\/peter-faessler.spschweiz.ch\/index.php?rest_route=\/wp\/v2\/users\/19"}],"replies":[{"embeddable":true,"href":"https:\/\/peter-faessler.spschweiz.ch\/index.php?rest_route=%2Fwp%2Fv2%2Fcomments&post=84"}],"version-history":[{"count":25,"href":"https:\/\/peter-faessler.spschweiz.ch\/index.php?rest_route=\/wp\/v2\/pages\/84\/revisions"}],"predecessor-version":[{"id":4262,"href":"https:\/\/peter-faessler.spschweiz.ch\/index.php?rest_route=\/wp\/v2\/pages\/84\/revisions\/4262"}],"wp:featuredmedia":[{"embeddable":true,"href":"https:\/\/peter-faessler.spschweiz.ch\/index.php?rest_route=\/wp\/v2\/media\/4261"}],"wp:attachment":[{"href":"https:\/\/peter-faessler.spschweiz.ch\/index.php?rest_route=%2Fwp%2Fv2%2Fmedia&parent=84"}],"curies":[{"name":"wp","href":"https:\/\/api.w.org\/{rel}","templated":true}]}}